lculate -15 + 53 + -71 + 12 - (3 - 76).
52
What is 52 + -9 + -15 + 35 + 26?
89
What is the value of (6 - -6) + 10 + (-13 - 24)?
-15
Evaluate 89 - (94 + -112 - 6).
113
What is the value of 18 + 0 - (2016 - 1938)?
-60
-112 + 146 - 197 - -124
-39
What is the value of (-10 - 0) + (-24 - (94 - 23 - 41))?
-64
(-38 - -33 - 43) + 33
-15
Evaluate -114 + -33 + 134 - (-30 + 0) - 88.
-71
Calculate -8 + (-18 - -43) + 76.
93
Calculate -83 + (-58 - -271) + -97.
33
Calculate 186 + (-89 + 203 - 187).
113
-27 - (49 + -35) - -12
-29
(80 + 5 - -1) + 157 + -178
65
What is the value of 26 + -13 + (-1 - (-4 - 12))?
28
-20 + -6 + (21 + (6 - 12) - 2)
-13
What is the value of 39 - -18 - (-2 + 36)?
23
What is the value of -115 + -3 + -3 + -113 + (9 - -122)?
-103
What is the value of -3 + -4 - 3 - ((-14 - 41) + 14) - 8?
23
Calculate -99 - (-278 + (-107 - -183)).
103
What is the value of 10 - (-97 - -20 - -59)?
28
91 - (9 - (35 + (-41 - -46)))
122
What is -5 - (21 - -32 - 34)?
-24
Calculate -2 + (4 - 14) + 1189 + -1197.
-20
Evaluate 0 - -19 - (-82 + 74 - -22) - (0 + 57).
-52
(1 - -1) + -11 - (26 + -27) - (5 + 0)
-13
What is the value of ((2 - -3) + 1 - 60) + 13 + -4 + -2?
-47
Evaluate -111 + -3 + 11 + 70.
-33
What is (3 + -2 - 35) + 100 + -95?
-29
Evaluate -758 - -767 - (51 - 2).
-40
-5 - ((36 - -3) + -5 - -8)
-47
(-5 - -28) + (-6 - (3 - (13 + -8)))
19
Calculate (2 - -29 - 15) + 7.
23
(41 + 0 - 13) + -116 + -12
-100
Evaluate (-10 + 7 - 109) + (421 - 390).
-81
What is (7 + -3 + 11 - 11) + -22 + -21?
-39
What is the value of -42 - (844 - 867 - (-2 + -6))?
-27
-350 + 352 + (-29 - (-1 + -1 - 0))
-25
(-42 + 2 - (-1260 + 1209)) + -136
-125
Calculate 97 + 19 + -112 + 89 + 0.
93
Calculate (5 + -1 - -73) + 2 - (124 - 62 - 71).
88
What is the value of -1 - -64 - ((-4 - -9) + (-2 - 6) + -1)?
67
Calculate -24 + 30 + -4 + (-14 - -6) - -86.
80
144 + -67 - (-3 - -46)
34
Calculate (-29 - -3) + (17 - -1) + -5 - -35.
22
Evaluate 2 - ((26 - 3 - 33) + 61).
-49
What is the value of 0 + -9 + -3 + (6 - -1) - -129?
124
What is 103 + (-175 - -152) + 20 + 1?
101
What is 69 + (-48 - 56) + 73?
38
What is the value of (-40 - -123) + -42 - -122 - 27?
136
(-6 + (-9 - -3) + 6 - 2) + -19 + 32
5
What is the value of 31 - ((-5 - -15 - 11) + -14 + 21)?
25
What is the value of 20 - (15 + 10) - -41 - (9 - 0)?
27
What is -1 + 44 - ((-204 - -129) + 90)?
28
1 + -2 + -10 + 9 + -6 - (-1492 - -1425)
59
What is -64 + -13 - (-3 + (6 - (-13 - (14 + -42))))?
-65
What is the value of 5 + 96 + 3 + -48?
56
What is 48 - (-43 + (91 - 41))?
41
Evaluate -12 - 2 - (-57 - (-22 - -23)).
44
3528 - 3506 - (-1 - 1 - -68)
-44
What is the value of (-1 - 1) + -16 + (-14845 - -14966)?
103
What is (-2 + (-11 - -14) - (2 - 12)) + -110 + 21?
-78
Evaluate (-1 - 29) + (14 + 3 - (194 - 162)).
-45
What is the value of ((41 - (-30 - -63)) + 7 + 0 - -10) + -13?
12
Calculate (190 - 178 - 10) + -2 + (3 - 1) + 81.
83
Evaluate (-3 - -3 - (-14 - (-33 - -17))) + 49 + 42.
89
What is (-118 - -128) + (14 - (8 + -8))?
24
What is (5 - 20) + (-21 - -74) - (5 - 0 - -1)?
32
Evaluate 8 + -5 + 40 + (7 + 5 - (-38 - -50)).
43
Evaluate (-87 - (-16 - -15)) + -109 + 99.
-96
Calculate 932 + -980 - (-3 + 3).
-48
Calculate -13 - ((-34 - (3 + -71)) + -52 - (-1 + -4)).
0
98 + -202 + 90 + -83
-97
What is 26 - 2 - (20 - (-27 - -35)) - -67?
79
18 - ((28 - -1) + -1 - -10)
-20
What is the value of (85 - (-11 + 102)) + (-2 - -5 - -24) + -2?
19
What is (12 - (-13 - (-6 + -9))) + -63 - -2?
-51
What is 9 + (-11 - (-24 - -9)) + 2 - 21?
-6
Evaluate 7 + -6 + 4 - -34 - (-18 + 12 - -10).
35
(20 + (-6 - 5 - -1) - -91) + (1 - 12)
90
Evaluate -10 - (3 - (-230 - -228 - (-1 + -16))).
2
Evaluate -11 + 22 + 3 - (-3 - (7 - 2)).
22
What is 1 - (7 + (-23 - 0) + -106 + 117 + 8)?
-2
What is the value of 9 + (7 - 31) + (6 + -3 - 7 - 1)?
-20
-30 - ((44 - 27) + -23 + 33)
-57
What is 541 + -494 + -3 + -110?
-66
What is 17 - 23 - (-53 - -20)?
27
Calculate 6 + (-2 - (1 + -2 + 3 + 2)) - -24.
24
What is 8 + -4 + 51 - (-20 + 84 + -67)?
58
Evaluate (46 + -13 - 12) + -36 - ((-2 - -2) + 0).
-15
What is 2517 + -2489 + (-1 - -2 - 1)?
28
What is the value of 7 - (1 - -28 - (-31 - -39 - 20))?
-34
What is 9 + (-107 - -72) - (10 + 1)?
-37
-134 + 69 + -32 + 62
-35
Calculate (28 - (1 + 7)) + -20 + 35.
35
What is the value of -24 + 74 - (257 + -299)?
92
Calculate 19 + (-113 + 3 - (28 + (-23 - 17))).
-79
-47 - 4 - (-24 + 6 - (-1 - 27))
-61
What is the value of 8 - 1 - (72 + -30)?
-35
What is the value of 10 - 60 - (21 + -17) - (-4 - (-7 - -1))?
-56
1118 + -1180 + 28 + 3
-31
What is (0 - (-40 + 22)) + (6 - -16)?
40
What is the value of (-243 - -331) + -12 + 12?
88
(-20 - -14) + (3 - (-45 - (1 + 2)) - 3)
42
What is 0 - 28 - (-1571 - -1550) - (1 + -4 - -31)?
-35
What is (-6 - 50) + (84 - -24)?
52
What is the value of -78 - ((4 - (31 + -14 - 9)) + 18)?
-92
Calculate (-3 - (12 - (18 - (-8 - -18)) - -2)) + 61.
52
What is 14 - (-31 + 12 - (-12 - 5))?
16
What is 46 + (5 - (50 - 23))?
24
What is the value of -91 - (110 + -80 + -41 - (4 - (0 - -2)))?
-78
Calculate 2 + -2 + -6 + 2 + -38 + -8.
-50
What is the value of (-40 - 1) + (-53 - (-6 - -7) - -44)?
-51
-16 + 6 + 2 - (13 - 20)
-1
Evaluate -1 + 19 - (35 - (41 + -1 + 35)).
58
Evaluate 107 + -226 + 110 - 62.
-71
Evaluate -28 + 55 + -12 + -2 + -1 - (8 + -66).
70
Evaluate (-2 - (-2 + -7 + 12)) + -35.
-40
What is 89 - (1 - (7 - (6 + -13 + 21)))?
81
5 - ((73 - 5) + 2 - (146 + -146))
-65
Calculate 11 + (4 - 35) + (-6 - 4).
-30
Evaluate (6 + -1 - (-11 + -4 + -3 + 21)) + 55.
57
What is the value of ((2 - 2 - 1) + -123 + 122 - -25) + 4?
27
What is 2 - (2 - -2) - (269 + (157 - 340))?
-88
Evaluate -83 - (-218 + 72 + 25).
38
What is the value of 32 - (-26 + (66 - 28) + (4 - 6))?
22
What is (4 - ((0 - -3) + 9)) + (1517 - 1498)?
11
(-79 - -55) + -1 + 20 + -5
-10
Calculate 73 + -35 + -67 + 20 + 7.
-2
25 - -40 - 49 - -39
55
What is 31 - (-17 + (-15 - -10) - 1)?
54
What is 11 + (-5 - -9) - (9 + -8 + 3)?
11
What is the value of 0 + 16 - (100 - 70)?
-14
2074 + -2052 - (5 + 0 + -62 + -3)
82
What is 13 + (15 - (-248 + 234 + 1 + -37))?
78
What is the value of -50 + (-3 - (-14 - (10 + 6 + -18)))?
-41
What is the value of (-5 - -11 - 10) + 14 - (127 - 113)?
-4
(-34 - (-37 + 24)) + (-1 - -4) - 104
-122
What is the value of (18 - ((24 - 28) + 22) - (-1 + -75)) + 6?
82
(1 - -4) + 18 + (16 - 43) - 5
-9
What is the value of 23 - (-7 + 1 - ((-1 - 5) + -26 + 36))?
33
What is (-9 - (-37 - -6)) + (54 + -22 - 24)?
30
Evaluate 49 + (-10 - 104) - -64.
-1
Evaluate (10 - 12) + (-2 - -4) + 53.
53
What is 1 + -63 + (1 - 16 - -38)?
-39
Evaluate 23 + -2 + (26 - 48) + 61.
60
What is (54 - 90) + 87 + -49?
2
What is the value of 35 + -5 - (9 + (-15 - -9) - -10)?
17
Calculate (75 - (55 + -6)) + -30.
-4
What is the value of -24 + -10 + -19 + -3 + 37 - -14?
-5
Evaluate 399 + -351 + (7 - -4).
59
Calculate (-3 - -50) + -61 - -4.
-10
(8 - 25) + (23 - (-5 - -3)) - (87 - 0)
-79
-25 + 25 - -1 - -20
21
What is 957 + -1004 + 47 + -3?
-3
What is -5 + 5 + -7 + -3 - (20 + -10 + -15)?
-5
-2 + 4 + 2 + -1 - 5 - (29 - 2)
-29
What is the value of -21 + 22 + -2 + -27?
-28
What is the value of (0 - -59) + (-94 + 27 - -45)?
37
Evaluate 6 - -1 - (71 + (17 - 108)).
27
16 - (-46 + 35 + 48) - 16
-37
What is the value of (7 - (1 + -3)) + -1 + (59 - 29 - 26)?
12
-20 + (-3 - -10) + (-106 - -74)
-45
Evaluate (-33 - 30) + 18 + (3 + -11 - -5).
-48
What is 0 + 0 - 0 - (10 + -27 - -55)?
-38
What is the value of 6 + (-11 - (1 - 5 - (-169 - -176)))?
6
Evaluate 880 + -863 - (-16 - (1 - 3)).
31
(14 - 5) + -58 + 42 + 6
-1
What is the value of (-151 - -51) + 57 + -35?
-78
What is 41 + -15 + 13 + -1 + -11 + 17?
44
What is 15 + 1 + -1 - (434 - (55 - -319))?
-45
Evaluate (-24 - 0) + (23151 - 23066).
61
What is the value of 10 + (0 - 1) + (9 + -50 - (143 - 116))?
-59
Calculate -19 + -20 + 4 + 55 + -37 - 87.
-104
Evaluate -57 - (-17 - (0 - 30 - -9)).
-61
Calculate 4 - 0 - (61 - (4 + 15)) - -9.
-29
-33 + (32 - -13) + (15 - -3 - -2)
32
0 - -14 - ((11 + 4 - (6 - -1)) + -13)
19
Evaluate 80 - (-70 + 0 + 205).
-55
Calculate (11 - (-13 - -4)) + -9 + 1 - (0 + -31).
43
What is 3 + 4 - (330 + -287)?
-36
Evaluate -14 + (-1823 + 1808 - ((-1 - 82) + 0)).
54
What is (51 - (34 - -8)) + 24?
33
Evaluate 77 - 85 - (-3 + (28 - -1)).
-34
-2 + (2 - (24 + 1 + -11)) - (-5 - -6)
-15